[INFO] cloning repository https://github.com/haBuu/tfs-rust
[INFO] running `Command { std: "git" "-c" "credential.helper=" "-c" "credential.helper=/workspace/cargo-home/bin/git-credential-null" "clone" "--bare" "https://github.com/haBuu/tfs-rust" "/workspace/cache/git-repos/https%3A%2F%2Fgithub.com%2FhaBuu%2Ftfs-rust", kill_on_drop: false }`
[INFO] [stderr] Cloning into bare repository '/workspace/cache/git-repos/https%3A%2F%2Fgithub.com%2FhaBuu%2Ftfs-rust'...
[INFO] running `Command { std: "git" "rev-parse" "HEAD", kill_on_drop: false }`
[INFO] [stdout] 9a53a73f2b7226dcd6eb6b7864a67c71b752d1a8
[INFO] checking haBuu/tfs-rust against try#72f88fc4e9458f89516a0b8b0868f3718aec5b47 for pr-74989
[INFO] running `Command { std: "git" "clone" "/workspace/cache/git-repos/https%3A%2F%2Fgithub.com%2FhaBuu%2Ftfs-rust" "/workspace/builds/worker-11/source", kill_on_drop: false }`
[INFO] [stderr] Cloning into '/workspace/builds/worker-11/source'...
[INFO] [stderr] done.
[INFO] validating manifest of git repo https://github.com/haBuu/tfs-rust on toolchain 72f88fc4e9458f89516a0b8b0868f3718aec5b47
[INFO] running `Command { std: "/workspace/cargo-home/bin/cargo" "+72f88fc4e9458f89516a0b8b0868f3718aec5b47" "read-manifest" "--manifest-path" "Cargo.toml", kill_on_drop: false }`
[INFO] started tweaking git repo https://github.com/haBuu/tfs-rust
[INFO] finished tweaking git repo https://github.com/haBuu/tfs-rust
[INFO] tweaked toml for git repo https://github.com/haBuu/tfs-rust written to /workspace/builds/worker-11/source/Cargo.toml
[INFO] crate git repo https://github.com/haBuu/tfs-rust already has a lockfile, it will not be regenerated
[INFO] running `Command { std: "/workspace/cargo-home/bin/cargo" "+72f88fc4e9458f89516a0b8b0868f3718aec5b47" "fetch" "--locked" "--manifest-path" "Cargo.toml", kill_on_drop: false }`
[INFO] [stderr]     Blocking waiting for file lock on package cache
[INFO] [stderr]     Blocking waiting for file lock on package cache
[INFO] running `Command { std: "docker" "create" "-v" "/var/lib/crater-agent-workspace/builds/worker-11/target:/opt/rustwide/target:rw,Z" "-v" "/var/lib/crater-agent-workspace/builds/worker-11/source:/opt/rustwide/workdir:ro,Z" "-v" "/var/lib/crater-agent-workspace/cargo-home:/opt/rustwide/cargo-home:ro,Z" "-v" "/var/lib/crater-agent-workspace/rustup-home:/opt/rustwide/rustup-home:ro,Z" "-e" "SOURCE_DIR=/opt/rustwide/workdir" "-e" "CARGO_TARGET_DIR=/opt/rustwide/target" "-e" "CARGO_HOME=/opt/rustwide/cargo-home" "-e" "RUSTUP_HOME=/opt/rustwide/rustup-home" "-w" "/opt/rustwide/workdir" "-m" "1610612736" "--user" "0:0" "--network" "none" "rustops/crates-build-env@sha256:d92eaeed33fa75130ca1ee6c8a01d1ffb62bac859dfdfb3450e3e5d1c0146529" "/opt/rustwide/cargo-home/bin/cargo" "+72f88fc4e9458f89516a0b8b0868f3718aec5b47" "metadata" "--no-deps" "--format-version=1", kill_on_drop: false }`
[INFO] [stdout] 96b13106938beda45c2465ec66fe56b660db760d4e6334f9573e77346acf5dfc
[INFO] [stderr] WARNING: Your kernel does not support swap limit capabilities or the cgroup is not mounted. Memory limited without swap.
[INFO] running `Command { std: "docker" "start" "-a" "96b13106938beda45c2465ec66fe56b660db760d4e6334f9573e77346acf5dfc", kill_on_drop: false }`
[INFO] running `Command { std: "docker" "inspect" "96b13106938beda45c2465ec66fe56b660db760d4e6334f9573e77346acf5dfc", kill_on_drop: false }`
[INFO] running `Command { std: "docker" "rm" "-f" "96b13106938beda45c2465ec66fe56b660db760d4e6334f9573e77346acf5dfc", kill_on_drop: false }`
[INFO] [stdout] 96b13106938beda45c2465ec66fe56b660db760d4e6334f9573e77346acf5dfc
[INFO] running `Command { std: "docker" "create" "-v" "/var/lib/crater-agent-workspace/builds/worker-11/target:/opt/rustwide/target:rw,Z" "-v" "/var/lib/crater-agent-workspace/builds/worker-11/source:/opt/rustwide/workdir:ro,Z" "-v" "/var/lib/crater-agent-workspace/cargo-home:/opt/rustwide/cargo-home:ro,Z" "-v" "/var/lib/crater-agent-workspace/rustup-home:/opt/rustwide/rustup-home:ro,Z" "-e" "SOURCE_DIR=/opt/rustwide/workdir" "-e" "CARGO_TARGET_DIR=/opt/rustwide/target" "-e" "CARGO_INCREMENTAL=0" "-e" "RUST_BACKTRACE=full" "-e" "RUSTFLAGS=--cap-lints=forbid" "-e" "CARGO_HOME=/opt/rustwide/cargo-home" "-e" "RUSTUP_HOME=/opt/rustwide/rustup-home" "-w" "/opt/rustwide/workdir" "-m" "1610612736" "--user" "0:0" "--network" "none" "rustops/crates-build-env@sha256:d92eaeed33fa75130ca1ee6c8a01d1ffb62bac859dfdfb3450e3e5d1c0146529" "/opt/rustwide/cargo-home/bin/cargo" "+72f88fc4e9458f89516a0b8b0868f3718aec5b47" "check" "--frozen" "--all" "--all-targets" "--message-format=json", kill_on_drop: false }`
[INFO] [stdout] cfec6bec053ef633574927ff49b5663acb9e3665bad2ca11f7e020e940608112
[INFO] [stderr] WARNING: Your kernel does not support swap limit capabilities or the cgroup is not mounted. Memory limited without swap.
[INFO] running `Command { std: "docker" "start" "-a" "cfec6bec053ef633574927ff49b5663acb9e3665bad2ca11f7e020e940608112", kill_on_drop: false }`
[INFO] [stderr]     Checking libc v0.2.37
[INFO] [stderr]    Compiling matches v0.1.6
[INFO] [stderr]    Compiling either v1.4.0
[INFO] [stderr]    Compiling byteorder v1.2.1
[INFO] [stderr]    Compiling unicode-normalization v0.1.5
[INFO] [stderr]    Compiling safemem v0.2.0
[INFO] [stderr]     Checking bitflags v0.9.1
[INFO] [stderr]     Checking void v1.0.2
[INFO] [stderr]    Compiling openssl v0.9.24
[INFO] [stderr]     Checking dtoa v0.4.2
[INFO] [stderr]    Compiling build_const v0.2.0
[INFO] [stderr]     Checking rustc-demangle v0.1.7
[INFO] [stderr]     Checking utf8-ranges v1.0.0
[INFO] [stderr]    Compiling untrusted v0.6.1
[INFO] [stderr]     Checking lazy_static v0.2.11
[INFO] [stderr]     Checking unidecode v0.2.0
[INFO] [stderr]    Compiling pest v1.0.6
[INFO] [stderr]    Compiling httparse v1.2.4
[INFO] [stderr]     Checking traitobject v0.1.0
[INFO] [stderr]     Checking antidote v1.0.0
[INFO] [stderr]     Checking typeable v0.1.2
[INFO] [stderr]     Checking state v0.4.0
[INFO] [stderr]    Compiling indexmap v0.4.1
[INFO] [stderr]    Compiling pulldown-cmark v0.1.2
[INFO] [stderr]    Compiling smallvec v0.6.0
[INFO] [stderr]     Checking pear v0.0.13
[INFO] [stderr]     Checking constant_time_eq v0.1.3
[INFO] [stderr]     Checking yansi v0.4.0
[INFO] [stderr]     Checking log v0.4.1
[INFO] [stderr]    Compiling mysqlclient-sys v0.2.3
[INFO] [stderr]    Compiling openssl-sys v0.9.27
[INFO] [stderr]     Checking encoding_rs v0.7.2
[INFO] [stderr]     Checking tokio-service v0.1.0
[INFO] [stderr]     Checking relay v0.1.1
[INFO] [stderr]     Checking toml v0.4.5
[INFO] [stderr]    Compiling num-integer v0.1.36
[INFO] [stderr]    Compiling pear_codegen v0.0.13
[INFO] [stderr]    Compiling rocket v0.4.0-dev (https://github.com/SergioBenitez/Rocket#29d56900)
[INFO] [stderr]    Compiling rocket_codegen v0.4.0-dev (https://github.com/SergioBenitez/Rocket#29d56900)
[INFO] [stderr]     Checking base64 v0.9.0
[INFO] [stderr]    Compiling unicode-bidi v0.3.4
[INFO] [stderr]     Checking unreachable v1.0.0
[INFO] [stderr]     Checking serde_json v1.0.10
[INFO] [stderr]     Checking scheduled-thread-pool v0.2.0
[INFO] [stderr]    Compiling base64 v0.6.0
[INFO] [stderr]    Compiling crc v1.7.0
[INFO] [stderr]    Compiling syn v0.11.11
[INFO] [stderr]     Checking time v0.1.39
[INFO] [stderr]     Checking iovec v0.1.2
[INFO] [stderr]     Checking net2 v0.2.32
[INFO] [stderr]     Checking num_cpus v1.8.0
[INFO] [stderr]     Checking rand v0.4.2
[INFO] [stderr]     Checking memchr v2.0.1
[INFO] [stderr]     Checking isatty v0.1.6
[INFO] [stderr]     Checking log v0.3.9
[INFO] [stderr]     Checking blake2-rfc v0.2.18
[INFO] [stderr]     Checking thread_local v0.3.5
[INFO] [stderr]    Compiling num-iter v0.1.35
[INFO] [stderr]     Checking r2d2 v0.8.2
[INFO] [stderr]    Compiling mime v0.2.6
[INFO] [stderr]     Checking slug v0.1.2
[INFO] [stderr]     Checking bytes v0.4.6
[INFO] [stderr]    Compiling idna v0.1.4
[INFO] [stderr]     Checking futures-cpupool v0.1.8
[INFO] [stderr]     Checking url v1.7.0
[INFO] [stderr]     Checking backtrace-sys v0.1.16
[INFO] [stderr]     Checking aho-corasick v0.6.4
[INFO] [stderr]     Checking mio v0.6.13
[INFO] [stderr]    Compiling num v0.1.42
[INFO] [stderr]     Checking argon2rs v0.2.5
[INFO] [stderr]     Checking mime v0.3.5
[INFO] [stderr]     Checking chrono v0.4.0
[INFO] [stderr]     Checking backtrace v0.3.5
[INFO] [stdout] error[E0557]: feature has been removed
[INFO] [stdout]  --> /opt/rustwide/cargo-home/registry/src/github.com-1ecc6299db9ec823/pear_codegen-0.0.13/src/lib.rs:1:45
[INFO] [stdout]   |
[INFO] [stdout] 1 | #![feature(plugin_registrar, rustc_private, quote)]
[INFO] [stdout]   |                                             ^^^^^ feature has been removed
[INFO] [stdout] 
[INFO] [stdout] 
[INFO] [stdout] error[E0462]: found staticlib `rustc` instead of rlib or dylib
[INFO] [stdout]  --> /opt/rustwide/cargo-home/registry/src/github.com-1ecc6299db9ec823/pear_codegen-0.0.13/src/lib.rs:3:1
[INFO] [stdout]   |
[INFO] [stdout] 3 | extern crate rustc;
[INFO] [stdout]   | ^^^^^^^^^^^^^^^^^^^
[INFO] [stdout]   |
[INFO] [stdout]   = help: please recompile that crate using --crate-type lib
[INFO] [stdout]   = note: the following crate versions were found:
[INFO] [stdout]           crate `rustc`: /opt/rustwide/rustup-home/toolchains/72f88fc4e9458f89516a0b8b0868f3718aec5b47/lib/rustlib/x86_64-unknown-linux-gnu/lib/librustc-nightly_rt.asan.a
[INFO] [stdout]           crate `rustc`: /opt/rustwide/rustup-home/toolchains/72f88fc4e9458f89516a0b8b0868f3718aec5b47/lib/rustlib/x86_64-unknown-linux-gnu/lib/librustc-nightly_rt.tsan.a
[INFO] [stdout]           crate `rustc`: /opt/rustwide/rustup-home/toolchains/72f88fc4e9458f89516a0b8b0868f3718aec5b47/lib/rustlib/x86_64-unknown-linux-gnu/lib/librustc-nightly_rt.msan.a
[INFO] [stdout]           crate `rustc`: /opt/rustwide/rustup-home/toolchains/72f88fc4e9458f89516a0b8b0868f3718aec5b47/lib/rustlib/x86_64-unknown-linux-gnu/lib/librustc-nightly_rt.lsan.a
[INFO] [stdout] 
[INFO] [stdout] 
[INFO] [stdout] error: aborting due to 2 previous errors
[INFO] [stdout] 
[INFO] [stdout] 
[INFO] [stdout] For more information about this error, try `rustc --explain E0557`.
[INFO] [stdout] 
[INFO] [stderr] error: could not compile `pear_codegen`.
[INFO] [stderr] 
[INFO] [stderr] To learn more, run the command again with --verbose.
[INFO] [stderr] warning: build failed, waiting for other jobs to finish...
[INFO] [stdout] error[E0713]: borrow may still be in use when destructor runs
[INFO] [stdout]    --> /opt/rustwide/cargo-home/registry/src/github.com-1ecc6299db9ec823/url-1.7.0/src/form_urlencoded.rs:261:40
[INFO] [stdout]     |
[INFO] [stdout] 259 | impl<'a> Target for ::UrlQuery<'a> {
[INFO] [stdout]     |      -- lifetime `'a` defined here
[INFO] [stdout] 260 |     fn as_mut_string(&mut self) -> &mut String { &mut self.url.serialization }
[INFO] [stdout] 261 |     fn finish(self) -> &'a mut ::Url { self.url }
[INFO] [stdout]     |                                        ^^^^^^^^ - here, drop of `self` needs exclusive access to `*self.url`, because the type `UrlQuery<'_>` implements the `Drop` trait
[INFO] [stdout]     |                                        |
[INFO] [stdout]     |                                        returning this value requires that `*self.url` is borrowed for `'a`
[INFO] [stdout] 
[INFO] [stdout] 
[INFO] [stdout] error: aborting due to previous error
[INFO] [stdout] 
[INFO] [stdout] 
[INFO] [stdout] For more information about this error, try `rustc --explain E0713`.
[INFO] [stdout] 
[INFO] [stderr] error: build failed
[INFO] running `Command { std: "docker" "inspect" "cfec6bec053ef633574927ff49b5663acb9e3665bad2ca11f7e020e940608112", kill_on_drop: false }`
[INFO] running `Command { std: "docker" "rm" "-f" "cfec6bec053ef633574927ff49b5663acb9e3665bad2ca11f7e020e940608112", kill_on_drop: false }`
[INFO] [stdout] cfec6bec053ef633574927ff49b5663acb9e3665bad2ca11f7e020e940608112
